{"id":88,"date":"2017-08-26T08:47:51","date_gmt":"2017-08-26T08:47:51","guid":{"rendered":"https:\/\/avieciusodas.lt\/?page_id=88"},"modified":"2021-10-27T08:48:46","modified_gmt":"2021-10-27T08:48:46","slug":"kontaktai","status":"publish","type":"page","link":"https:\/\/avieciusodas.lt\/?page_id=88","title":{"rendered":"Kontaktai"},"content":{"rendered":"<p>[et_pb_section fb_built=\u201c1&#8243; fullwidth=\u201con\u201c admin_label=\u201cSection\u201c _builder_version=\u201c3.22&#8243; global_colors_info=\u201c{}\u201c][et_pb_fullwidth_slider admin_label=\u201cFullwidth Slider\u201c _builder_version=\u201c3.16&#8243; background_size=\u201cinitial\u201c background_position=\u201ctop_left\u201c custom_padding=\u201c250px||250px|\u201c custom_padding_tablet=\u201c|||\u201c custom_padding_phone=\u201c|||\u201c box_shadow_style=\u201cpreset6&#8243; box_shadow_blur=\u201c10px\u201c box_shadow_color=\u201crgba(0,0,0,0.1)\u201c top_padding=\u201c250px\u201c bottom_padding=\u201c250px\u201c show_inner_shadow=\u201con\u201c global_colors_info=\u201c{}\u201c button_text_size__hover_enabled=\u201coff\u201c button_one_text_size__hover_enabled=\u201coff\u201c button_two_text_size__hover_enabled=\u201coff\u201c button_text_color__hover_enabled=\u201coff\u201c button_one_text_color__hover_enabled=\u201coff\u201c button_two_text_color__hover_enabled=\u201coff\u201c button_border_width__hover_enabled=\u201coff\u201c button_one_border_width__hover_enabled=\u201coff\u201c button_two_border_width__hover_enabled=\u201coff\u201c button_border_color__hover_enabled=\u201coff\u201c button_one_border_color__hover_enabled=\u201coff\u201c button_two_border_color__hover_enabled=\u201coff\u201c button_border_radius__hover_enabled=\u201coff\u201c button_one_border_radius__hover_enabled=\u201coff\u201c button_two_border_radius__hover_enabled=\u201coff\u201c button_letter_spacing__hover_enabled=\u201coff\u201c button_one_letter_spacing__hover_enabled=\u201coff\u201c button_two_letter_spacing__hover_enabled=\u201coff\u201c button_bg_color__hover_enabled=\u201coff\u201c button_one_bg_color__hover_enabled=\u201coff\u201c button_two_bg_color__hover_enabled=\u201coff\u201c][et_pb_slide heading=\u201cLietuvoje u\u017eaugintos aviet\u0117s\u201c use_bg_overlay=\u201coff\u201c use_text_overlay=\u201coff\u201c _builder_version=\u201c3.16&#8243; header_font=\u201c||||\u201c body_font=\u201c||||\u201c background_color=\u201c#ffffff\u201c background_image=\u201chttp:\/\/avieciusodas.lt\/wp-content\/uploads\/2017\/08\/avie\u010di\u0173-sodas-slider-backgroud-.png\u201c parallax=\u201con\u201c button_icon_placement=\u201cright\u201c button_on_hover=\u201con\u201c background_layout=\u201clight\u201c global_colors_info=\u201c{}\u201c sticky_transition=\u201con\u201c button_text_size__hover_enabled=\u201coff\u201c button_one_text_size__hover_enabled=\u201coff\u201c button_two_text_size__hover_enabled=\u201coff\u201c button_text_color__hover_enabled=\u201coff\u201c button_one_text_color__hover_enabled=\u201coff\u201c button_two_text_color__hover_enabled=\u201coff\u201c button_border_width__hover_enabled=\u201coff\u201c button_one_border_width__hover_enabled=\u201coff\u201c button_two_border_width__hover_enabled=\u201coff\u201c button_border_color__hover_enabled=\u201coff\u201c button_one_border_color__hover_enabled=\u201coff\u201c button_two_border_color__hover_enabled=\u201coff\u201c button_border_radius__hover_enabled=\u201coff\u201c button_one_border_radius__hover_enabled=\u201coff\u201c button_two_border_radius__hover_enabled=\u201coff\u201c button_letter_spacing__hover_enabled=\u201coff\u201c button_one_letter_spacing__hover_enabled=\u201coff\u201c button_two_letter_spacing__hover_enabled=\u201coff\u201c button_bg_color__hover_enabled=\u201coff\u201c button_one_bg_color__hover_enabled=\u201coff\u201c button_two_bg_color__hover_enabled=\u201coff\u201c][\/et_pb_slide][\/et_pb_fullwidth_slider][\/et_pb_section][et_pb_section fb_built=\u201c1&#8243; admin_label=\u201csection\u201c _builder_version=\u201c3.22&#8243; custom_padding=\u201c||3px|||\u201c global_colors_info=\u201c{}\u201c][et_pb_row column_structure=\u201c2_3,1_3&#8243; admin_label=\u201crow\u201c _builder_version=\u201c3.25&#8243; background_size=\u201cinitial\u201c background_position=\u201ctop_left\u201c background_repeat=\u201crepeat\u201c global_colors_info=\u201c{}\u201c][et_pb_column type=\u201c2_3&#8243; _builder_version=\u201c3.25&#8243; custom_padding=\u201c|||\u201c global_colors_info=\u201c{}\u201c custom_padding__hover=\u201c|||\u201c][et_pb_text _builder_version=\u201c4.11.4&#8243; _module_preset=\u201cdefault\u201c global_colors_info=\u201c{}\u201c]<\/p>\n<h2>Para\u0161ykite mums ir mes su jumis susisieksime<\/h2>\n<p>[\/et_pb_text][dvppl_cf7_styler form_bg=\u201cRGBA(0,0,0,0)\u201c button_alignment=\u201cright\u201c cf7=\u201c146&#8243; form_field_height=\u201c34px\u201c form_field_padding=\u201c|15px||15px|false|false\u201c form_field_spacing=\u201c0px\u201c form_label_spacing=\u201c0px\u201c _builder_version=\u201c4.11.4&#8243; _module_preset=\u201cdefault\u201c form_field_font_font_size=\u201c14px\u201c labels_font_size=\u201c17px\u201c labels_line_height=\u201c2em\u201c custom_submit_button=\u201con\u201c submit_button_text_size=\u201c21px\u201c submit_button_text_color=\u201c#8e8e8e\u201c submit_button_bg_color=\u201c#FFFFFF\u201c submit_button_border_width=\u201c3px\u201c submit_button_border_color=\u201c#ff0061&#8243; submit_button_border_radius=\u201c8px\u201c custom_margin=\u201c0px||||false|false\u201c global_colors_info=\u201c{}\u201c][\/dvppl_cf7_styler][\/et_pb_column][et_pb_column type=\u201c1_3&#8243; _builder_version=\u201c3.25&#8243; custom_padding=\u201c|||\u201c global_colors_info=\u201c{}\u201c custom_padding__hover=\u201c|||\u201c][et_pb_text admin_label=\u201cText\u201c _builder_version=\u201c3.27.4&#8243; text_font_size=\u201c16&#8243; global_colors_info=\u201c{}\u201c]<\/p>\n<h1>M\u016bs\u0173 kontaktai<\/h1>\n<p>&nbsp;<\/p>\n<p><strong>Addresas:<\/strong>\u00a0Kaunas, Zuikin\u0117<\/p>\n<p><strong>Telefonas:<\/strong> <a href=\"https:\/\/hangouts.google.com\/?action=chat&amp;pn=%2B37061608831&amp;hl=en&amp;authuser=0\" target=\"_blank\" rel=\"noopener noreferrer\"><span dir=\"ltr\" data-tooltip=\"Call phone (+37061608831)\" aria-label=\"Call phone (+37061608831)\">+370 616 08831<\/span><\/a><\/p>\n<p><strong>Dirbame:<\/strong>\u00a07:00 &#8211; 22:00<br \/>\n[\/et_pb_text][\/et_pb_column][\/et_pb_row][\/et_pb_section][et_pb_section fb_built=\u201c1&#8243; fullwidth=\u201con\u201c admin_label=\u201csection\u201c _builder_version=\u201c3.22&#8243; global_colors_info=\u201c{}\u201c][et_pb_fullwidth_map address=\u201cZuikin\u0117 71410, Lithuania\u201c zoom_level=\u201c13&#8243; address_lat=\u201c54.8688855415954&#8243; address_lng=\u201c23.97604560095213&#8243; mouse_wheel=\u201coff\u201c admin_label=\u201cFullwidth Map\u201c _builder_version=\u201c3.0.91&#8243; global_colors_info=\u201c{}\u201c][et_pb_map_pin title=\u201cAvie\u010di\u0173 sodas\u201c pin_address=\u201cApso g. 30a, Kaunas 45460, Lithuania\u201c pin_address_lat=\u201c54.86702715397526&#8243; pin_address_lng=\u201c23.995872489990234&#8243; _builder_version=\u201c3.0.47&#8243; global_colors_info=\u201c{}\u201c][\/et_pb_map_pin][\/et_pb_fullwidth_map][\/et_pb_section]<\/p>\n","protected":false},"excerpt":{"rendered":"<p>Para\u0161ykite mums ir mes su jumis susisieksime<div class=\"et_pb_module dvppl_cf7_styler dvppl_cf7_styler_0\">\n\t\t\t\t\n\t\t\t\t\n\t\t\t\t\n\t\t\t\t\n\t\t\t\t\n\t\t\t\t\n\t\t\t\t<div class=\"et_pb_module_inner\">\n\t\t\t\t\t<div class=\"dipe-cf7-container dipe-cf7-button-right\">\n\t\t\t\t\n\t\t\t\t<div class=\"dipe-cf7 dipe-cf7-styler \">\n\t\t\t\t\t<div role=\"form\" class=\"wpcf7\" id=\"wpcf7-f146-o1\" lang=\"lt-LT\" dir=\"ltr\">\n<div class=\"screen-reader-response\"><p role=\"status\" aria-live=\"polite\" aria-atomic=\"true\"><\/p> <ul><\/ul><\/div>\n<form action=\"\/index.php?rest_route=%2Fwp%2Fv2%2Fpages%2F88#wpcf7-f146-o1\" method=\"post\" class=\"wpcf7-form init\" novalidate=\"novalidate\" data-status=\"init\">\n<div style=\"display: none;\">\n<input type=\"hidden\" name=\"_wpcf7\" value=\"146\" \/>\n<input type=\"hidden\" name=\"_wpcf7_version\" value=\"5.6.4\" \/>\n<input type=\"hidden\" name=\"_wpcf7_locale\" value=\"lt_LT\" \/>\n<input type=\"hidden\" name=\"_wpcf7_unit_tag\" value=\"wpcf7-f146-o1\" \/>\n<input type=\"hidden\" name=\"_wpcf7_container_post\" value=\"0\" \/>\n<input type=\"hidden\" name=\"_wpcf7_posted_data_hash\" value=\"\" \/>\n<input type=\"hidden\" name=\"_wpcf7_recaptcha_response\" value=\"\" \/>\n<\/div>\n<p><label> J\u016bs\u0173 vardas<br \/>\n    <span class=\"wpcf7-form-control-wrap\" data-name=\"your-name\"><input type=\"text\" name=\"your-name\" value=\"\" size=\"40\" class=\"wpcf7-form-control wpcf7-text\" aria-invalid=\"false\" \/><\/span> <\/label><br \/>\n<label> J\u016bs\u0173 el. pa\u0161tas<br \/>\n    <span class=\"wpcf7-form-control-wrap\" data-name=\"your-email\"><input type=\"email\" name=\"your-email\" value=\"\" size=\"40\" class=\"wpcf7-form-control wpcf7-text wpcf7-email wpcf7-validates-as-required wpcf7-validates-as-email\" aria-required=\"true\" aria-invalid=\"false\" \/><\/span> <\/label><br \/>\n<label> J\u016bs\u0173 telefono numeris<br \/>\n<span class=\"wpcf7-form-control-wrap\" data-name=\"phone\"><input type=\"tel\" name=\"phone\" value=\"\" size=\"40\" class=\"wpcf7-form-control wpcf7-text wpcf7-tel wpcf7-validates-as-required wpcf7-validates-as-tel\" aria-required=\"true\" aria-invalid=\"false\" \/><\/span> <\/label><br \/>\n<label> J\u016bs\u0173 \u017einut\u0117<br \/>\n    <span class=\"wpcf7-form-control-wrap\" data-name=\"your-message\"><textarea name=\"your-message\" cols=\"40\" rows=\"10\" class=\"wpcf7-form-control wpcf7-textarea\" aria-invalid=\"false\"><\/textarea><\/span> <\/label><\/p>\n<p><input type=\"submit\" value=\"Si\u0173sti\" class=\"wpcf7-form-control has-spinner wpcf7-submit\" \/><\/p>\n<div class=\"wpcf7-response-output\" aria-hidden=\"true\"><\/div><\/form><\/div>\n\t\t\t\t<\/div>\n\t\t\t<\/div>\n\t\t\t\t<\/div>\n\t\t\t<\/div>M\u016bs\u0173 kontaktai &nbsp; Addresas:\u00a0Kaunas, Zuikin\u0117 Telefonas: +370 616 08831 Dirbame:\u00a07:00 &#8211; 22:00<\/p>\n","protected":false},"author":1,"featured_media":0,"parent":0,"menu_order":0,"comment_status":"closed","ping_status":"closed","template":"","meta":{"_et_pb_use_builder":"on","_et_pb_old_content":"","_et_gb_content_width":""},"_links":{"self":[{"href":"https:\/\/avieciusodas.lt\/index.php?rest_route=\/wp\/v2\/pages\/88"}],"collection":[{"href":"https:\/\/avieciusodas.lt\/index.php?rest_route=\/wp\/v2\/pages"}],"about":[{"href":"https:\/\/avieciusodas.lt\/index.php?rest_route=\/wp\/v2\/types\/page"}],"author":[{"embeddable":true,"href":"https:\/\/avieciusodas.lt\/index.php?rest_route=\/wp\/v2\/users\/1"}],"replies":[{"embeddable":true,"href":"https:\/\/avieciusodas.lt\/index.php?rest_route=%2Fwp%2Fv2%2Fcomments&post=88"}],"version-history":[{"count":5,"href":"https:\/\/avieciusodas.lt\/index.php?rest_route=\/wp\/v2\/pages\/88\/revisions"}],"predecessor-version":[{"id":152,"href":"https:\/\/avieciusodas.lt\/index.php?rest_route=\/wp\/v2\/pages\/88\/revisions\/152"}],"wp:attachment":[{"href":"https:\/\/avieciusodas.lt\/index.php?rest_route=%2Fwp%2Fv2%2Fmedia&parent=88"}],"curies":[{"name":"wp","href":"https:\/\/api.w.org\/{rel}","templated":true}]}}